5
Calculate -4 + 7 - 2 - 8.
-7
What is the value of -7 - (4 + -15) - (0 + -1)?
5
Evaluate 3 + -2 + (4 - 8).
-3
-8 + -1 + -19 + 24 - -2
-2
What is 2 + (-3 - (3 + -4))?
0
Calculate 16 + -3 + 2 - (4 + 3).
8
Evaluate -7 + (-5 - -6) + 9.
3
Evaluate 4 + 0 + -1 + -1 + 5.
7
Calculate -1 + -7 + -7 + 9.
-6
What is the value of -1 + -1 + (-1 - -2) - -3?
2
What is 1 - 9 - (14 - 15) - -10?
3
Calculate 2 - (-1 - 2 - (0 + -7)).
-2
Calculate (-12 - (0 + 2)) + -109 + 116.
-7
What is (-5 - (4 - 9)) + (-4 - -1)?
-3
What is the value of -3 + (11 - (-5 - (-11 + 2)))?
4
What is the value of 5 - (0 + (-1 - (1 - 2)))?
5
Calculate -2 - ((0 - -10) + 0 + -6).
-6
-3 - ((15 - 12) + 2)
-8
What is the value of 19 - 12 - (6 + 2 - 6)?
5
What is 1 - ((2 - -4) + 7 + -10)?
-2
9 + 0 + -28 + 11
-8
What is the value of (-5 - (-7 + 1)) + (-1 - -3)?
3
Evaluate 2 + (-3 - 2) - 2.
-5
What is the value of 2 - 3 - (-12 - -10)?
1
1 - 1 - (2 + -2 + -4)
4
What is (7 - 2) + (2 - 10)?
-3
-4 - (-10 - (-11 - -15))
10
What is the value of 10 + (-7 - -9) - (11 - 5)?
6
(0 - -1) + -5 + -71 + 77
2
What is -7 - (-7 - (2 - -1)) - -3?
6
Evaluate -3 + -5 + (11 - (14 - 5)).
-6
What is -10 + -8 + 3 - -21?
6
(-8 - (4 - 3)) + 4 + 6
1
(0 - 16) + 37 + -27
-6
8 - -1 - (-11 - -15)
5
2 + -2 + 3 - 2
1
Evaluate 1 - (3 + (1 - 4 - -4)).
-3
What is (2 - 9) + (-28 + 19 - -6)?
-10
Evaluate 7 + (-10 - -14 - 10).
1
8 + (-2 - -8 - (46 + -32))
0
What is -4 + 1 + 1 + -6 + 6?
-2
Calculate -2 + -3 + 1 + (-2 - -2).
-4
What is 1 + (-4 - -5) - 7?
-5
What is the value of -5 + 12 - (10 + -4)?
1
Evaluate (18 - 22) + 2 + -1.
-3
Calculate (-262 - -272) + -2 + 1.
9
What is -3 + (1 - 3) + 18 + -18?
-5
(-3 - 3) + -2 + -63 + 78
7
Calculate -4 - (0 - 2 - -1 - 2).
-1
Calculate 5 - (13 + -8) - (3 - -1).
-4
Evaluate 2 + -14 + 6 + 2.
-4
What is the value of 2 + (4 - (-6 + 12))?
0
What is the value of -26 + 27 + 4 + 1 + -10?
-4
Evaluate (-1 - 6) + 4 - -3.
0
What is the value of 0 - 11 - (-144 - -128)?
5
Calculate 7 + -1 + (-6 - -2) + 1.
3
Evaluate 9 - (-5 - -5 - -6 - 2).
5
What is -2 + 1 + (18 - 16) + 6?
7
What is 0 + 0 + (0 - (2 - -3))?
-5
-22 + 18 + (-1 - -1)
-4
7 + (8 - 16) + 4 + -1
2
Calculate (-6 - -12) + -3 - 4.
-1
1 - ((-4 + -1 - -9) + 1)
-4
(9 - 5) + 7 + -10
1
What is the value of 0 - (1 - 3) - (-9 + 10)?
1
What is the value of -46 + 45 + (0 - -3) + 0?
2
What is -4 + (-1 + 11 - 3)?
3
Evaluate (4 - 11) + 5 + 8.
6
What is -14 + 17 + 4 + -4?
3
Calculate -2 + 2 + -3 - 1 - 0.
-4
Evaluate (1 - (0 + -1)) + (20 - 18).
4
Calculate (7 - 5) + 11 + -7.
6
-3 + 1 + 3 + -4 + 0
-3
1 - -1 - (0 - (-3 - 3))
-4
(5 - (-4 - -8)) + (2 - 4)
-1
What is the value of -4 + (30 - 4) + -13?
9
What is the value of (1 + 1 - -3) + -2?
3
What is the value of (-10 - -5 - 4) + 5?
-4
Evaluate (3 - 2) + (1 - 1).
1
Calculate 10 + 1 - (-86 - -95).
2
What is 2 + 3 + -7 + (-2 - 0)?
-4
What is 0 + 1 + -6 + 2?
-3
Evaluate (2 - -1) + 0 + -3 + 0.
0
What is 7 + -6 - (7 + -3)?
-3
Evaluate -1 + 6 - (-2 + (-3 - -4)).
6
5 + (1 - 2) + -1 + 1
4
-6 - (-3 + -6) - (3 + 0)
0
What is the value of (-2 - -1 - -1) + -2 + 2?
0
What is the value of 3 - (-11 + 13 - (-1 + 1))?
1
Calculate 2 + -4 + (-1 - 4).
-7
What is the value of 2 + -1 - (15 + -23)?
9
(8 - ((14 - 8) + -7)) + -6
3
What is the value of -1 - (3 + (5 + -4 - 1))?
-4
What is (26 - 10) + -6 + -6?
4
Calculate 8 - (5 + 1 + -2).
4
What is the value of -33 - -13 - (5 + -18)?
-7
Calculate 4 - 11 - -10 - 11.
-8
-5 + (7 - 4) - (-2 + 0)
0
Calculate -1 - 2 - (1 + (-13 - -14)).
-5
What is the value of -1 - (0 + -9 + 4)?
4
Calculate 3 - (5 + -7) - 5.
0
Evaluate -2 + 5 + -2 - (3 + -2).
0
What is the value of 5 - (-1 - (-5 + 9) - -7)?
3
What is the value of 50 + -51 + 1 + (-2 - 1)?
-3
What is 17 - (21 - 1) - (1 - 10)?
6
What is (-5 - -6) + 4 - (5 + -2)?
2
Evaluate -7 - -2 - (-21 + 8 - -5).
3
Calculate 8 - 8 - 1 - -3.
2
Evaluate 3 + 1 + (-13 - -13).
4
What is 1 - (-1 - -1) - 8?
-7
(3 - (10 + -5)) + 7 + -4
1
Evaluate -4 + 0 + (-2 - (6 - 9)).
-3
(8 - 2) + 24 + -29
1
Evaluate (-5 - (1 - 10)) + -11 - -5.
-2
What is 1 - (-2 + 1) - (-4 - -5)?
1
Evaluate 3 - (4 + -1 + 0).
0
Calculate 2 + (-5 - 3) + 0 + 1.
-5
What is the value of (-12 - (-15 + 18 + -9)) + -3?
-9
Evaluate 4 + (-1 - -3) + (2 - 7).
1
Evaluate 2 + (-4 - (6 + -8)).
0
What is -2 + 4 + 3 + 0 + -2?
3
Evaluate 5 + (4 - (-1 + -3)) + -6.
7
What is 9 - (13 + 4) - -3?
-5
Calculate 20 - 17 - (1 + 1).
1
5 + (3 - (-10 - -7)) + -4
7
-3 - (2 + 1 + -3 - 3)
0
What is the value of -1 + (0 + -3 - -5)?
1
Evaluate -11 + 1 - (-3 + (23 - 25)).
-5
What is (11 - (-6 + 10)) + -7?
0
Evaluate -4 - (-2 + (-5 + 6 - -1)).
-4
Calculate 3 + -7 - -5 - -4 - 3.
2
What is the value of 50 - 49 - (0 + -2) - 5?
-2
What is the value of (-4 - (-2 - 3)) + -2?
-1
Evaluate -3 - (1 + -1) - -4.
1
Calculate -66 - -80 - (0 + 7).
7
Calculate -6 + 8 - -7 - 3.
6
What is -15 + 1 + 29 - 13?
2
Calculate (-5 - -1) + 6 - (-3 + 2).
3
12 + -24 + 22 + -11
-1
Calculate (8 - 5 - (1 + 0)) + -2.
0
What is -4 - (9 + -17 + 4 + -3)?
3
Calculate 7 + 1 + -6 + -1.
1
What is the value of (-11 + 3 - -11) + 5?
8
Evaluate -7 - (1 + (-8 - (12 + -8))).
4
What is the value of 57 + -57 + 12 + -1 - 2?
9
What is 6 - 4 - 2 - (-1 - -2)?
-1
What is 1 + (-13 - -7 - -6 - 6)?
-5
What is 0 + 4 - (-18 - -27)?
-5
Calculate 0 + -3 + -5 + 12 + -2.
2
Calculate -9 + 2 + 3 + -1 + 1.
-4
What is 0 + 5 - (-8 - -10 - 3)?
6
What is -68 + 66 - (-2 + -1)?
1
What is 8 + 5 + -1 + -21 + 14?
5
Evaluate 13 + -10 + -12 - (1 - 9).
-1
Calculate 2 - -8 - 0 - 4.
6
What is 2 + (2 - (8 + -7))?
3
(-2 - (-2 + 4)) + (55 - 46)
5
Evaluate 9 + 0 + -67 + 55.
-3
Calculate 8 - (21 - 11 - 11).
9
Calculate -3 - 5 - (-11 + 5).
-2
What is (1 - 9) + -8 + 18 + -4?
-2
What is the value of -4 - (-13 + -5 + 10)?
4
(1 - -1) + (-1 - -2 - 8)
-5
What is the value of 1 + -2 + 0 + -2?
-3
What is -4 - -6 - (2 - (2 + 0))?
2
What is 5 + -2 - (-1 - 9 - -8)?
5
Calculate -4 + (4 + 2 - -5).
7
Calculate 1 - (-6 + 4 + 5).
-2
Evaluate 8 - (4 + -1) - (9 - -2).
-6
Calculate (-3 - (0 - 3 - -3)) + 2.
-1
What is the value of 2 + 0 + 3 - (1 + 3)?
1
What is 2 - (2 - 4 - -4)?
0
What is the value of 4 - (0 + 6 + -1)?
-1
Calculate (-17 - -16) + 2 + (-5 - -1).
-3
What is 0 + 6 - (5 + 3 + 2)?
-4
Evaluate 2 + 0 + (-15 - (3 - 15)).
-1
Calculate 0 + 12 + -4 + -5.
3
What is the value of -3 + (-2 - (1 - (0 - -3)))?
-3
1 + 3 + -1 + -1 - 4
-2
Evaluate 6 - (5 - 4 - -2).
3
Calculate -6 - (-3 - 1 - -3).
-5
-5 - (-15 + 4 + 7)
-1
(0 - 2) + -5 + 11 + -1
3
What is the value of 2 - (7 + -3) - -3?
1
42 + -42 + (-2 - -2)
0
Calculate -2 + -2 - (0 + -3).
-1
Calculate (2 - 0) + 26 + -27.
1
Evaluate (3 - 8 - (6 + -12)) + -4.
-3
What is -3 + (1 - (0 + 6 + -3))?
-5
Evaluate -3 - (0 + (-12 - -5)).
4
1 + -5 + 6 + -1
1
What is the value of (6 - 4) + 3 + -8?
-3
What is the value of (-2 - 1) + (1 + 2 - 1)?
-1
2 - (40 + -35 + (-5 - -1))
1
What is the value of 3 - (-10 - -6 - -6)?
1
What is the value of -2 - ((5 - 4) + -2 - -2)?
-3
What is the value of (-2 - -6) + -2 + -3?
-1
What is -1 + -2 + -26 + 24?
-5
Evaluate (-16 - -19) + (2 - -3) + -8.
0
Calculate -400 - -394 - (0 + -8 + -1).
3
Calculate -1 - (-5 - (2 + -1)).
5
Evaluate (5 - 12 - -2) + 5.
0
What is the value of 1 - (-6 + 8 - 6)?
5
3 - (11 + -10 + -5)
7
What is 2 + -4 + -3 + 3 - -5?
3
Calculate -1 + (2 - (3 + 1)).
-3
-4 + -6 + 0 + 6
-4
Calculate (1 + -2 - 2) + 25 + -18.
4
What is 2 - (2 - -5) - -2 - -3?
0
Calculate 1 - (6 + (6 - (15 + -7))).
-3
Calculate 1 + (-18 - -16) + (-1 - 1).
-3
What is (-1 - -2 - 7) + 6 + -3?
-3
Calculate 7 + (-4 - 4 - -3) + 3.
5
Evaluate 5 - (4 + -4 - -3).
2
Calculate -11 + (6 - (-1 - 1)) - -8.
5
Calculate 22 - 2 - (186 + -174).
8
Evaluate -3 + 1 + 5 + (27 - 27).
3
Calculate -2 + 2 + 6 + -5.
1
Evaluate (0 - 1) + 1 + -5.
-5
What is -8 + 3 + 2 + (5 - 0)?
2
-6 + -11 + -3 + 8 + 2
-10
What is 9 - 15 - -6 - (2 + -7)?
5
Evaluate (3 - (3 + 2)) + 1.
-1
-4 + 2 - (-15 - -10) - 4
-1
What is the value of (-10 - (4 - 6)) + 14?
6
Evaluate -4 + (-4 - (-10 + (2 - 2))).
2
What is -2 - (2 + -2 + -3)?
1
Evaluate -1 + (7 - (3 + 5)).
-2
What is 1 - 0 - (6 + -4)?
-1
Calculate -10 - (0 + -1 - 9).
0
Evaluate -4 + 2 + (0 - -4).
2
-1 - (-8 - -9 - (2 - -1))
1
Calculate -2 + (-1 - -3) + -1 - -1.
0
(6 - 8) + -3 + -1 - -3
-3
Calculate (8 - 0) + -3 - 3.
2
Calculate 4 + 16 + (-12 - 0).
8
What is (0 - 6) + 9 - (7 + 0)?
-4
What i